 5, 7, 701
List the prime factors of 3082207947.
3, 7, 13, 103, 2237
What are the prime factors of 1722094328?
2, 215261791
What are the prime factors of 167762542?
2, 83881271
List the prime factors of 67513204.
2, 11, 103, 14897
List the prime factors of 129837599.
23, 5645113
What are the prime factors of 1835664623?
13, 1879, 75149
What are the prime factors of 169261090?
2, 5, 89, 190181
List the prime factors of 198497339.
198497339
What are the prime factors of 19148323?
29, 191, 3457
List the prime factors of 349124388.
2, 3, 29, 389, 2579
What are the prime factors of 162163014?
2, 3, 13, 2079013
What are the prime factors of 215572956?
2, 3, 2777, 6469
What are the prime factors of 90945376?
2, 17, 47, 3557
What are the prime factors of 1837420987?
23, 101, 790969
List the prime factors of 3496812154.
2, 11, 241, 59957
List the prime factors of 25917101.
7, 3702443
What are the prime factors of 560630277?
3, 62292253
List the prime factors of 66165956.
2, 16541489
List the prime factors of 1069243188.
2, 3, 13, 6854123
List the prime factors of 1222403388.
2, 3, 1259, 80911
List the prime factors of 2312757.
3, 313, 821
List the prime factors of 5452479985.
5, 59, 18482983
What are the prime factors of 2029928173?
7, 13, 619, 36037
List the prime factors of 247513796.
2, 31, 1117, 1787
List the prime factors of 29317607.
11, 2665237
List the prime factors of 632963569.
7, 43, 659, 3191
What are the prime factors of 758103223?
10639, 71257
What are the prime factors of 114506639?
13, 8808203
What are the prime factors of 838426099?
7, 119775157
What are the prime factors of 529319645?
5, 139, 761611
List the prime factors of 63393547.
7, 9056221
List the prime factors of 14930589.
3, 43, 115741
List the prime factors of 2163815632.
2, 11, 107, 114901
List the prime factors of 1466736192.
2, 3, 43, 59219
What are the prime factors of 752850041?
752850041
What are the prime factors of 79372011?
3, 23, 79, 14561
List the prime factors of 5346122.
2, 2673061
What are the prime factors of 964765665?
3, 5, 21439237
List the prime factors of 3384746652.
2, 3, 7, 40294603
List the prime factors of 633042301.
633042301
What are the prime factors of 1479572355?
3, 5, 293, 336649
List the prime factors of 4367855216.
2, 272990951
List the prime factors of 196315211.
12569, 15619
What are the prime factors of 111623323?
7, 2278027
List the prime factors of 1081796534.
2, 7, 13, 5943937
List the prime factors of 200874598.
2, 100437299
List the prime factors of 405391.
7, 29, 1997
List the prime factors of 29436898.
2, 1097, 13417
What are the prime factors of 39132177?
3, 7, 23, 81019
What are the prime factors of 368016281?
368016281
What are the prime factors of 1622112545?
5, 17, 67, 284831
What are the prime factors of 83965256?
2, 19, 552403
What are the prime factors of 1361604916?
2, 7, 41, 1186067
What are the prime factors of 663162784?
2, 67, 309311
List the prime factors of 620709638.
2, 310354819
List the prime factors of 1842128406.
2, 3, 11371163
What are the prime factors of 379228319?
157, 347, 6961
What are the prime factors of 14352655?
5, 2870531
What are the prime factors of 94702067?
6047, 15661
List the prime factors of 1874894810.
2, 5, 17, 283, 38971
List the prime factors of 27916440.
2, 3, 5, 59, 3943
What are the prime factors of 477214795?
5, 95442959
List the prime factors of 114141732.
2, 3, 23, 413557
List the prime factors of 757900080.
2, 3, 5, 7, 150377
What are the prime factors of 214279860?
2, 3, 5, 307, 11633
What are the prime factors of 1274400894?
2, 3, 13, 367, 44519
What are the prime factors of 34452976?
2, 43, 50077
What are the prime factors of 11703241?
11, 311
List the prime factors of 1613099259.
3, 19, 167, 991
List the prime factors of 291135729.
3, 97045243
List the prime factors of 32725738.
2, 83, 137, 1439
List the prime factors of 95965169.
95965169
What are the prime factors of 964168721?
15731, 61291
List the prime factors of 297943088.
2, 17, 757, 1447
List the prime factors of 2214437.
17, 130261
What are the prime factors of 4695576457?
11, 13, 19, 8269
List the prime factors of 4246193.
7, 193, 449
List the prime factors of 171745761.
3, 11, 23, 41, 5519
What are the prime factors of 1145135296?
2, 29, 616991
List the prime factors of 826726046.
2, 61, 6776443
List the prime factors of 345915735.
3, 5, 11, 241, 8699
List the prime factors of 156115917.
3, 1927357
List the prime factors of 2839855.
5, 61, 9311
What are the prime factors of 273231017?
61, 4479197
List the prime factors of 216154561.
7, 30879223
List the prime factors of 7652434845.
3, 5, 11, 46378393
List the prime factors of 124330339.
7, 17761477
What are the prime factors of 2601395533?
11, 67, 557, 6337
What are the prime factors of 5487589588?
2, 13, 107, 986267
What are the prime factors of 3124761435?
3, 5, 271, 85411
List the prime factors of 47323700.
2, 5, 53, 8929
List the prime factors of 183181019.
7, 26168717
What are the prime factors of 59718474?
2, 3, 3317693
List the prime factors of 19519349.
17, 29, 137
List the prime factors of 54593212.
2, 13648303
List the prime factors of 121790001.
3, 40596667
What are the prime factors of 105996394?
2, 7, 17, 445363
What are the prime factors of 1274013366?
2, 3, 311, 682751
What are the prime factors of 6532636113?
3, 725848457
List the prime factors of 2181699936.
2, 3, 13, 582719
List the prime factors of 117975608.
2, 1327, 11113
What are the prime factors of 1389740002?
2, 7, 101, 982843
What are the prime factors of 4183539196?
2, 59, 17726861
List the prime factors of 96738436.
2, 61, 211, 1879
What are the prime factors of 37788921?
3, 41, 102409
List the prime factors of 4724171759.
179, 229, 115249
List the prime factors of 170891410.
2, 5, 17089141
What are the prime factors of 422093021?
7, 59, 1022017
List the prime factors of 110252998.
2, 313, 176123
What are the prime factors of 1683527095?
5, 73, 1307, 3529
What are the prime factors of 4590426410?
2, 5, 19, 24160139
List the prime factors of 13850773.
43, 322111
List the prime factors of 126403369.
41, 73, 157, 269
What are the prime factors of 87532623?
3, 31, 104579
List the prime factors of 448240439.
31, 14459369
What are the prime factors of 342947337?
3, 114315779
What are the prime factors of 1235570505?
3, 5, 13, 6336259
What are the prime factors of 120483522?
2, 3, 17, 19, 23, 53
List the prime factors of 4586752.
2, 19, 23, 41
What are the prime factors of 92158205?
5, 617, 29873
What are the prime factors of 395146548?
2, 3, 10976293
What are the prime factors of 1400017516?
2, 350004379
List the prime factors of 1547939701.
7, 11, 20103113
List the prime factors of 17255979.
3, 13, 147487
What are the prime factors of 194760197?
31, 509, 12343
List the prime factors of 4289866243.
13, 73, 4520407
List the prime factors of 712623105.
3, 5, 1283, 12343
What are the prime factors of 264992517?
3, 29, 643, 1579
List the prime factors of 760664425.
5, 30426577
What are the prime factors of 12010698?
2, 3, 7, 19, 29, 173
What are the prime factors of 763821809?
61, 12521669
What are the prime factors of 240670306?
2, 379, 383, 829
What are the prime factors of 1438642082?
2, 47, 1559, 9817
List the prime factors of 516972357.
3, 11, 23, 29, 7829
What are the prime factors of 8100751?
1303, 6217
List the prime factors of 321279774.
2, 3, 127, 293, 1439
What are the prime factors of 415512054?
2, 3, 47, 491149
List the prime factors of 38187184.
2, 7, 340957
What are the prime factors of 996413240?
2, 5, 59, 422209
List the prime factors of 816571572.
2, 3, 1613, 42187
What are the prime factors of 107654014?
2, 13, 318503
What are the prime factors of 10306099?
137, 75227
List the prime factors of 2502650844.
2, 3, 37, 191, 1093
List the prime factors of 154955998.
2, 77477999
What are the prime factors of 3274362302?
2, 19, 4969, 17341
What are the prime factors of 175949267?
13, 727, 18617
What are the prime factors of 84312962?
2, 17, 257, 9649
What are the prime factors of 2493246297?
3, 831082099
What are the prime factors of 288504712?
2, 1423, 25343
List the prime factors of 109607103.
3, 31, 392857
What are the prime factors of 315502111?
315502111
What are the prime factors 